{"id":69,"date":"2021-08-13T15:20:19","date_gmt":"2021-08-13T14:20:19","guid":{"rendered":"https:\/\/saint-amour.org\/?page_id=69"},"modified":"2024-08-21T00:15:41","modified_gmt":"2024-08-20T23:15:41","slug":"invitations-vip","status":"publish","type":"page","link":"https:\/\/saint-amour.org\/?page_id=69","title":{"rendered":"Invitations VIP"},"content":{"rendered":"\n<p>Si vous d\u00e9sirez b\u00e9n\u00e9ficier des privil\u00e8ges VIP pour venir aux soir\u00e9es Saint-Amour ou pour les ateliers de Lucifer, vous devez en faire la demande au pr\u00e9alable en envoyant un mail \u00e0 l&rsquo;organisateur : <a href=\"mailto:yvessaintamour@gmail.com\">yvessaintamour@gmail.com<\/a><\/p>\n\n\n\n<p>ou par SMS au <strong>06 67 21 53 22<\/strong><\/p>\n\n\n\n<p>Il conviendra de pr\u00e9ciser dans votre message de demande d&rsquo;invitation VIP : <br>&#8211; Vos pr\u00e9noms<br>&#8211; Votre pseudo Wyylde si vous en avez un<br>&#8211; Votre num\u00e9ro de t\u00e9l\u00e9phone<br>&#8211; Votre profil (Femme Seule, Couple, Homme Seul)<\/p>\n\n\n\n<p><\/p>\n\n\n\n<p><\/p>\n","protected":false},"excerpt":{"rendered":"<p>Si vous d\u00e9sirez b\u00e9n\u00e9ficier des privil\u00e8ges VIP pour venir aux soir\u00e9es Saint-Amour ou pour les ateliers de Lucifer, vous devez en faire la demande au pr\u00e9alable en envoyant un mail \u00e0 l&rsquo;organisateur : yvessaintamour@gmail.com ou par SMS au 06 67 21 53 22 Il conviendra de pr\u00e9ciser dans votre message<a href=\"https:\/\/saint-amour.org\/?page_id=69\" class=\"read-more\">Read More&#8230;<\/a><\/p>\n","protected":false},"author":1,"featured_media":0,"parent":0,"menu_order":0,"comment_status":"closed","ping_status":"closed","template":"","meta":{"footnotes":""},"class_list":["post-69","page","type-page","status-publish","hentry"],"yoast_head":"<!-- This site is optimized with the Yoast SEO plugin v24.9 - https:\/\/yoast.com\/wordpress\/plugins\/seo\/ -->\n<title>Invitations VIP - LES SOIREES SAINT-AMOUR<\/title>\n<meta name=\"robots\" content=\"index, follow, max-snippet:-1, max-image-preview:large, max-video-preview:-1\" \/>\n<link rel=\"canonical\" href=\"https:\/\/saint-amour.org\/?page_id=69\" \/>\n<meta property=\"og:locale\" content=\"fr_FR\" \/>\n<meta property=\"og:type\" content=\"article\" \/>\n<meta property=\"og:title\" content=\"Invitations VIP - LES SOIREES SAINT-AMOUR\" \/>\n<meta property=\"og:description\" content=\"Si vous d\u00e9sirez b\u00e9n\u00e9ficier des privil\u00e8ges VIP pour venir aux soir\u00e9es Saint-Amour ou pour les ateliers de Lucifer, vous devez en faire la demande au pr\u00e9alable en envoyant un mail \u00e0 l&rsquo;organisateur : yvessaintamour@gmail.com ou par SMS au 06 67 21 53 22 Il conviendra de pr\u00e9ciser dans votre messageRead More...\" \/>\n<meta property=\"og:url\" content=\"https:\/\/saint-amour.org\/?page_id=69\" \/>\n<meta property=\"og:site_name\" content=\"LES SOIREES SAINT-AMOUR\" \/>\n<meta property=\"article:modified_time\" content=\"2024-08-20T23:15:41+00:00\" \/>\n<meta name=\"twitter:label1\" content=\"Dur\u00e9e de lecture estim\u00e9e\" \/>\n\t<meta name=\"twitter:data1\" content=\"1 minute\" \/>\n<script type=\"application\/ld+json\" class=\"yoast-schema-graph\">{\"@context\":\"https:\/\/schema.org\",\"@graph\":[{\"@type\":\"WebPage\",\"@id\":\"https:\/\/saint-amour.org\/?page_id=69\",\"url\":\"https:\/\/saint-amour.org\/?page_id=69\",\"name\":\"Invitations VIP - LES SOIREES SAINT-AMOUR\",\"isPartOf\":{\"@id\":\"https:\/\/saint-amour.org\/#website\"},\"datePublished\":\"2021-08-13T14:20:19+00:00\",\"dateModified\":\"2024-08-20T23:15:41+00:00\",\"inLanguage\":\"fr-FR\",\"potentialAction\":[{\"@type\":\"ReadAction\",\"target\":[\"https:\/\/saint-amour.org\/?page_id=69\"]}]},{\"@type\":\"WebSite\",\"@id\":\"https:\/\/saint-amour.org\/#website\",\"url\":\"https:\/\/saint-amour.org\/\",\"name\":\"LES SOIREES SAINT-AMOUR\",\"description\":\"Plus de 30 Th\u00e8mes Ludo-\u00e9rotique diff\u00e9rents \",\"potentialAction\":[{\"@type\":\"SearchAction\",\"target\":{\"@type\":\"EntryPoint\",\"urlTemplate\":\"https:\/\/saint-amour.org\/?s={search_term_string}\"},\"query-input\":{\"@type\":\"PropertyValueSpecification\",\"valueRequired\":true,\"valueName\":\"search_term_string\"}}],\"inLanguage\":\"fr-FR\"}]}<\/script>\n<!-- \/ Yoast SEO plugin. -->","yoast_head_json":{"title":"Invitations VIP - LES SOIREES SAINT-AMOUR","robots":{"index":"index","follow":"follow","max-snippet":"max-snippet:-1","max-image-preview":"max-image-preview:large","max-video-preview":"max-video-preview:-1"},"canonical":"https:\/\/saint-amour.org\/?page_id=69","og_locale":"fr_FR","og_type":"article","og_title":"Invitations VIP - LES SOIREES SAINT-AMOUR","og_description":"Si vous d\u00e9sirez b\u00e9n\u00e9ficier des privil\u00e8ges VIP pour venir aux soir\u00e9es Saint-Amour ou pour les ateliers de Lucifer, vous devez en faire la demande au pr\u00e9alable en envoyant un mail \u00e0 l&rsquo;organisateur : yvessaintamour@gmail.com ou par SMS au 06 67 21 53 22 Il conviendra de pr\u00e9ciser dans votre messageRead More...","og_url":"https:\/\/saint-amour.org\/?page_id=69","og_site_name":"LES SOIREES SAINT-AMOUR","article_modified_time":"2024-08-20T23:15:41+00:00","twitter_misc":{"Dur\u00e9e de lecture estim\u00e9e":"1 minute"},"schema":{"@context":"https:\/\/schema.org","@graph":[{"@type":"WebPage","@id":"https:\/\/saint-amour.org\/?page_id=69","url":"https:\/\/saint-amour.org\/?page_id=69","name":"Invitations VIP - LES SOIREES SAINT-AMOUR","isPartOf":{"@id":"https:\/\/saint-amour.org\/#website"},"datePublished":"2021-08-13T14:20:19+00:00","dateModified":"2024-08-20T23:15:41+00:00","inLanguage":"fr-FR","potentialAction":[{"@type":"ReadAction","target":["https:\/\/saint-amour.org\/?page_id=69"]}]},{"@type":"WebSite","@id":"https:\/\/saint-amour.org\/#website","url":"https:\/\/saint-amour.org\/","name":"LES SOIREES SAINT-AMOUR","description":"Plus de 30 Th\u00e8mes Ludo-\u00e9rotique diff\u00e9rents ","potentialAction":[{"@type":"SearchAction","target":{"@type":"EntryPoint","urlTemplate":"https:\/\/saint-amour.org\/?s={search_term_string}"},"query-input":{"@type":"PropertyValueSpecification","valueRequired":true,"valueName":"search_term_string"}}],"inLanguage":"fr-FR"}]}},"_links":{"self":[{"href":"https:\/\/saint-amour.org\/index.php?rest_route=\/wp\/v2\/pages\/69","targetHints":{"allow":["GET"]}}],"collection":[{"href":"https:\/\/saint-amour.org\/index.php?rest_route=\/wp\/v2\/pages"}],"about":[{"href":"https:\/\/saint-amour.org\/index.php?rest_route=\/wp\/v2\/types\/page"}],"author":[{"embeddable":true,"href":"https:\/\/saint-amour.org\/index.php?rest_route=\/wp\/v2\/users\/1"}],"replies":[{"embeddable":true,"href":"https:\/\/saint-amour.org\/index.php?rest_route=%2Fwp%2Fv2%2Fcomments&post=69"}],"version-history":[{"count":4,"href":"https:\/\/saint-amour.org\/index.php?rest_route=\/wp\/v2\/pages\/69\/revisions"}],"predecessor-version":[{"id":1142,"href":"https:\/\/saint-amour.org\/index.php?rest_route=\/wp\/v2\/pages\/69\/revisions\/1142"}],"wp:attachment":[{"href":"https:\/\/saint-amour.org\/index.php?rest_route=%2Fwp%2Fv2%2Fmedia&parent=69"}],"curies":[{"name":"wp","href":"https:\/\/api.w.org\/{rel}","templated":true}]}}